/3*45 is divided by (-1)/1 - (-21 - -1).
15
Let p be (-4)/(-16) + 2/(-8)*9. What is the remainder when 57 is divided by (2 - (-22)/4)/((-1)/p)?
12
What is the remainder when ((-16)/(-7))/(12/126) is divided by 13?
11
Suppose -s + 4*s - 3*a = 141, 2*a = -5*s + 214. What is the remainder when 179 is divided by s?
3
Let c(d) = d**3 + 2*d**2 - 3*d + 3. Calculate the remainder when 55 + (16/20)/((-9)/45) is divided by c(2).
12
Let p(c) = 3*c**3 - 9*c + 7. Let z be p(6). Suppose 503 = 4*o + 4*r - 9*r, 5*o - z = -3*r. Calculate the remainder when o is divided by 25.
22
Let f(b) = -b**3 - 7*b**2 - b + 9. Suppose 28 = -5*u + u. Let o be f(u). Let z = o + 93. Calculate the remainder when z is divided by 28.
25
Suppose -m - 5*s = -26, 5*s = 8*m - 6*m - 52. What is the remainder when 155 is divided by m?
25
Let l be (-1)/(-2 + 20/12). Suppose -2 = -l*t + 148. Suppose 0 = i - m - t, 0*i + 3*m = 5*i - 242. Calculate the remainder when i is divided by 16.
14
Suppose j + 12 = 4*d, -16 = 185*d - 189*d + 2*j. Calculate the remainder when 17/3 + 2/(-3) is divided by d.
1
Let g = 2 + 19. Let c(s) = s**3 - 11*s**2 + 15*s + 33. Calculate the remainder when g is divided by c(9).
3
Suppose t + 15 = 3*f, 0 = -f - 2*f + 5*t + 27. Suppose -r - 27 = -f*r. Calculate the remainder when 24 is divided by r.
6
Let v = -15 + 36. Let r = 86 - 74. What is the remainder when v is divided by r?
9
Let x = -601 + 619. Calculate the remainder when 85 is divided by x.
13
Let c = 1159 - 1134. What is the remainder when 897 is divided by c?
22
Let i(v) = v**2 + 10*v + 3. Let u be i(-10). Suppose t = -u, 3*g - 180 + 69 = t. Calculate the remainder when g is divided by 13.
10
Let o(p) = -p + 5. Let d be o(3). Let k be (334 - 1 - 3) + d. What is the remainder when k/8*2 + -4 is divided by 20?
19
Let m = 10 - 6. Let d = 89 - 85. Calculate the remainder when 1/(m/736*d) is divided by 24.
22
Suppose 0 = -m + 6*m - 10, -4*w - 4*m - 136 = 0. Let o = 45 + w. What is the remainder when 31 is divided by o?
4
Let y(v) = v**2 - 18*v + 48. Let n be y(15). Let u = -57 + 235. Suppose c = n*i - 416 + 139, 2*i = 2*c + u. What is the remainder when i is divided by 32?
30
Let t = -46 - -60. Calculate the remainder when 123 is divided by t.
11
Let l(v) = v - 1. Let w be l(-5). Let q = w + 8. Calculate the remainder when q + 6/(-2) - -3 is divided by 2.
0
Suppose 5 + 51 = 4*q - 4*a, 8 = -2*a. What is the remainder when 98 is divided by q?
8
Suppose 2*z - 14 = 3*f + 85, -z = 3*f - 63. Suppose -10*l + z = -7*l. What is the remainder when 33 is divided by l?
15
Let c(y) = 3*y + 76. Let o be c(0). Let l = o - 29. What is the remainder when l is divided by 27?
20
Let m(k) = k**2 + 12*k + 38. What is the remainder when m(-11) is divided by 16?
11
Calculate the remainder when (4 + 21/(-3))*-31 is divided by 14.
9
Suppose -40 + 50 = 2*k. Let i be (6/4)/(6/(-40)). Calculate the remainder when (36/i)/((-2)/5) is divided by k.
4
Let i(d) = -18*d + 3. Let m(f) = -f - 2*f + 5*f + 16*f**2 - 4 + 6. What is the remainder when m(-2) is divided by i(-1)?
20
Let k(r) = -45*r + 412. What is the remainder when 708 is divided by k(6)?
140
Suppose 0 = 2*x - l - 1017, 0*x + 4*x - l = 2029. What is the remainder when x is divided by 64?
58
Suppose -56*m + 18 = -53*m. Calculate the remainder when (-353)/(-9) - (-4)/(-18) is divided by m.
3
Let q(n) = 2*n**2 + 14*n - 7. Let t be q(-11). Let d = t - 64. Calculate the remainder when 65 is divided by d.
14
Let y(i) = 2*i - 6*i - 7 - 3*i - 4*i. Calculate the remainder when 102 is divided by y(-3).
24
Let n(h) = 13*h + 1. Suppose -2*j + 5*l + 30 = 6*l, 5*j - l = 75. What is the remainder when n(2) is divided by j?
12
Suppose -12*w + 17*w = 4*i + 3060, 5*w - i - 3045 = 0. What is the remainder when w is divided by 47?
44
Suppose -2*p = 4*p - 264. Suppose 3*b = x - 71, 2*b + p - 6 = 3*x. Calculate the remainder when (-2)/10 + (-680)/b is divided by 6.
3
Suppose -228 = -0*m - 2*m. Suppose m = 9*v - 30. Calculate the remainder when 61 is divided by v.
13
Suppose -2*c - 4*b + 476 = 0, -9*c + 12*c - 5*b = 769. Calculate the remainder when c is divided by 21.
17
Suppose 10*f - 39120 = -10*f. What is the remainder when f is divided by 70?
66
Let i be 97/(-9) + (-4)/18. Let j(o) = 7*o**2 + o**3 - 9*o**2 + 13*o**2 - o - 3. What is the remainder when 15 is divided by j(i)?
7
Let v = 123 + -121. Suppose -3*d + 4*o + 37 = 0, -4*o - 28 + 6 = -v*d. Let z = -12 + 55. Calculate the remainder when z is divided by d.
13
Suppose 2*z + 1 = 27. Let j(n) = n + 0*n - 6*n - 5 - 7*n**2 + n**3 + 18*n. Calculate the remainder when j(6) is divided by z.
11
What is the remainder when 47 is divided by 12/10*(-280)/(-42)?
7
Calculate the remainder when 112 is divided by 50*10/(-40)*-4.
12
Let v(j) = -j**3 - 14*j**2 - 11*j + 37. What is the remainder when 130 is divided by v(-13)?
9
Let p = 90 - 20. What is the remainder when 207 is divided by p?
67
Let s(t) = -7*t**3 + 2*t**2 + 2*t + 1. Calculate the remainder when 437 is divided by s(-1).
5
Let g(z) = 7*z**2 + 3*z - 1. Let d = -7 + 25. Calculate the remainder when g(-3) is divided by d.
17
Calculate the remainder when ((-165)/6 - 0)*(-54)/3 is divided by 71.
69
Let j = 50 + -42. Suppose -4*l - 3*q = -63, 1 = -q + 2. Calculate the remainder when l is divided by j.
7
Suppose 368 = -355*l + 363*l. What is the remainder when l is divided by 34?
12
Suppose -648 = 2*h - 5*h. Let f = -98 + h. What is the remainder when f is divided by 30?
28
Suppose -5*r = x - 41, -2*r = 8*x - 9*x + 13. Let s(w) = -3*w**3 + 2*w**2 + w. What is the remainder when x is divided by s(-1)?
1
Let d = 417 + -204. What is the remainder when d is divided by 36?
33
Let k = -254 + 320. What is the remainder when k is divided by 26?
14
Suppose 0 = 5*g - 0*f + f - 3839, -2*g + 1540 = -4*f. Suppose g = 2*w + 6*w. Suppose 0*n + 4*n = w. What is the remainder when n is divided by 15?
9
Suppose 22*f = 20*f + 90. Suppose -9*g + 4*g + f = 0. Calculate the remainder when g is divided by 5.
4
Let x = -1645 - -1670. Calculate the remainder when x is divided by -5*((-14)/5 - 0).
11
Let t(x) = -x**2 - 26*x - 138. Calculate the remainder when 28 is divided by t(-8).
4
What is the remainder when 22 is divided by ((-3)/((-12)/10))/((-42)/(-84))?
2
Let x(v) = -41*v - 30. Let i = 14 + -8. Let c(k) = k**2 + 6. Calculate the remainder when c(i) is divided by x(-1).
9
Suppose 40 + 30 = 5*i. Let h = 58 + -27. What is the remainder when h is divided by i?
3
Let v = 10 + -12. Let b be 67/v + 1/2. What is the remainder when 65 is divided by 3/6 - b/2?
14
Suppose -a = -0*a - 9. Calculate the remainder when (345/75)/(1/5) is divided by a.
5
Let b(h) = -22*h - 426. Calculate the remainder when 227 is divided by b(-22).
53
Suppose 4*z - 120 = -5*y, -4*z = -3*z + y - 30. Suppose -6*b + z = -3*b. Let h(f) = f**2 + 2*f - 10. What is the remainder when h(6) is divided by b?
8
Let t = 6 - -4. Let m be (-2)/(3*14/(-63)). Suppose m*v = -3*s - 2*s + 150, -t = -2*v. What is the remainder when s is divided by 6?
3
Let v = -1176 - -1724. What is the remainder when v is divided by 25?
23
Suppose 0 = -4*s + 8, -6*r + 10*r + 2*s - 140 = 0. What is the remainder when r is divided by 22?
12
Let y(c) = -56*c**2 - 2*c + 1. Let f be y(1). Let p be 5/(75/6) + (-14)/10. Calculate the remainder when (-3)/(p*(-9)/f) is divided by 7.
5
Suppose 15 = 5*y + 5*d - 345, -2*d = 4*y - 280. Suppose -44 - y = -4*h. Calculate the remainder when 83 is divided by h.
27
Suppose 0 = -11*h + 1212 - 387. Let w(j) = -j**2 + 8*j - 5. Calculate the remainder when h is divided by w(4).
9
Suppose -5*h - 39 - 76 = 0. Let u = 77 + h. Calculate the remainder when u is divided by (247/52)/(2/8).
16
Let m = 152 - 89. What is the remainder when (1/(-3))/((-1)/m) is divided by 11?
10
Let w(z) = -180*z - 874. What is the remainder when 1061 is divided by w(-5)?
21
Let m(l) be the first derivative of -5*l**2/2 - 2. Let p = -197 - -203. What is the remainder when m(-4) is divided by p?
2
Suppose 2 = 2*v - 4. Suppose -v*d + 5 + 4 = 0. Suppose -16 - 62 = -d*w. Calculate the remainder when w is divided by 9.
8
Suppose -2*t = -t - 27. Suppose t*a - 25*a = 36. What is the remainder when a is divided by 4?
2
Let s(b) = 4*b - 32. Let v = 70 + -33. What is the remainder when v is divided b